8 and 19016872?
266
What is the highest common divisor of 228761 and 23959?
13
What is the highest common divisor of 489183685 and 4772?
1193
Calculate the greatest common factor of 17839670 and 5130.
190
What is the highest common factor of 3176 and 63315148?
1588
What is the highest common factor of 544361 and 10512?
73
Calculate the highest common divisor of 9360 and 337285.
65
Calculate the greatest common factor of 122381 and 10570.
7
What is the greatest common divisor of 38349 and 1278?
9
Calculate the highest common factor of 64 and 974968256.
64
What is the greatest common factor of 257 and 4428?
1
Calculate the highest common divisor of 624442 and 91039.
611
What is the greatest common divisor of 423965 and 6870?
5
Calculate the greatest common factor of 436207 and 94.
47
What is the greatest common divisor of 50323 and 273?
91
Calculate the highest common factor of 3527599 and 30158.
887
Calculate the greatest common factor of 561358137 and 279.
93
What is the greatest common factor of 7395 and 514335?
255
What is the greatest common factor of 16662219 and 154?
7
What is the highest common divisor of 1880 and 4817030?
470
What is the greatest common divisor of 9668138 and 170?
34
Calculate the greatest common factor of 29240978 and 8.
2
What is the greatest common factor of 252 and 16196628?
84
What is the greatest common factor of 1058299 and 4005?
89
What is the greatest common divisor of 4382 and 4513657190?
4382
Calculate the highest common divisor of 123 and 376661178.
123
Calculate the greatest common factor of 29795 and 22786105.
505
Calculate the highest common divisor of 8153130 and 480.
30
What is the greatest common factor of 274508141 and 1079?
83
What is the greatest common factor of 109969 and 4337543?
277
What is the highest common divisor of 1791834 and 279378?
1122
What is the highest common divisor of 15939445 and 3470?
1735
Calculate the highest common factor of 83769581 and 2667.
889
What is the highest common divisor of 4410276 and 748?
68
Calculate the highest common divisor of 128635642 and 46.
46
What is the highest common factor of 184176080 and 3650?
730
Calculate the greatest common factor of 96684612 and 78.
6
Calculate the highest common divisor of 421 and 71424755.
421
Calculate the greatest common divisor of 178619 and 61067.
79
What is the greatest common divisor of 32776 and 5848?
136
Calculate the highest common divisor of 550 and 7838798.
22
Calculate the highest common factor of 743993160 and 10.
10
What is the greatest common divisor of 18 and 243219108?
6
Calculate the greatest common divisor of 21 and 271257231.
21
Calculate the highest common divisor of 748824 and 80.
8
Calculate the highest common divisor of 24 and 302261208.
24
Calculate the highest common factor of 6 and 2659872.
6
What is the highest common divisor of 142363 and 438698?
611
What is the greatest common factor of 348 and 349151358?
174
Calculate the highest common factor of 3100 and 71881312.
124
What is the highest common factor of 1098992 and 64?
16
What is the greatest common factor of 33452394 and 18?
6
Calculate the highest common factor of 3245385 and 765.
255
What is the highest common factor of 15 and 31862211?
3
What is the greatest common factor of 145864966 and 78?
26
Calculate the greatest common divisor of 862 and 294682458.
862
What is the greatest common divisor of 630013022 and 178?
178
Calculate the highest common divisor of 32848 and 20400.
16
What is the highest common factor of 42 and 16937952?
6
Calculate the highest common divisor of 591 and 8791716.
591
Calculate the highest common divisor of 228 and 723389508.
228
Calculate the highest common factor of 21654 and 69606.
54
What is the highest common factor of 442 and 2626286?
26
What is the greatest common factor of 250691244 and 12?
12
Calculate the greatest common divisor of 162308939 and 39.
13
Calculate the greatest common factor of 95028802 and 4.
2
What is the highest common factor of 457938139 and 673?
673
Calculate the highest common factor of 402871 and 238.
7
What is the greatest common factor of 13728 and 321065888?
4576
What is the greatest common factor of 271160 and 4570?
10
What is the highest common factor of 209984 and 325856?
544
Calculate the greatest common divisor of 199381 and 49049.
637
What is the highest common divisor of 661 and 56607379?
661
What is the highest common factor of 59392574 and 654?
218
What is the highest common divisor of 5156784 and 3456?
432
What is the greatest common divisor of 3864 and 35793520?
1288
What is the highest common factor of 284 and 95305288?
284
What is the highest common factor of 351477 and 107163?
441
Calculate the highest common divisor of 19521540 and 50.
10
What is the highest common divisor of 235864 and 8408?
8
What is the highest common divisor of 3137591 and 161?
23
Calculate the highest common factor of 33891 and 23934867.
2607
What is the greatest common factor of 1936983300 and 388?
388
Calculate the greatest common factor of 299 and 25290824.
13
Calculate the greatest common factor of 299628 and 31392.
36
Calculate the greatest common divisor of 39530307 and 207.
69
Calculate the greatest common factor of 56115504 and 192456.
5832
What is the greatest common factor of 304 and 166877456?
304
What is the highest common divisor of 256490 and 11232?
26
What is the highest common divisor of 299382 and 10792356?
7302
Calculate the highest common factor of 1180 and 14290240.
20
What is the highest common divisor of 23884 and 5249356?
28
Calculate the highest common divisor of 201 and 3806002.
67
Calculate the highest common factor of 5314473 and 13067.
73
Calculate the highest common factor of 3549 and 12311.
13
What is the greatest common divisor of 3411 and 161?
1
What is the highest common divisor of 2995906 and 2314834?
4054
What is the greatest common divisor of 54 and 252314298?
54
Calculate the highest common factor of 85891 and 20397.
13
What is the highest common factor of 89100 and 69584130?
2970
What is the highest common factor of 16762097 and 2864?
179
What is the greatest common factor of 752 and 519793680?
752
What is the greatest common divisor of 180 and 1024308?
36
Calculate the highest common divisor of 2052 and 2527494.
114
Calculate the highest common factor of 165724359 and 2439.
813
Calculate the greatest common divisor of 7600 and 273200.
400
Calculate the highest common factor of 472 and 1523536.
8
What is the highest common factor of 2856 and 218939022?
102
What is the highest common factor of 35995482 and 15678?
1206
What is the greatest common divisor of 28672 and 147448?
56
What is the highest common factor of 1547000 and 4750?
250
What is the highest common divisor of 23588256 and 96?
96
What is the highest common factor of 37674 and 37178442?
2898
Calculate the greatest common factor of 833880900 and 300.
300
Calculate the highest common factor of 103379540 and 4510.
110
What is the greatest common divisor of 3252 and 26418164?
1084
Calculate the greatest common factor of 1680 and 32540970.
210
What is the greatest common divisor of 600 and 101194100?
100
What is the highest common factor of 18547 and 103904?
17
What is the greatest common divisor of 455508 and 2052?
36
What is the greatest common factor of 518 and 19625836?
74
Calculate the highest common factor of 38544 and 192428.
292
What is the highest common factor of 14989 and 2277175?
1153
What is the highest common divisor of 54613316 and 20332?
1564
What is the highest common divisor of 57312 and 26093676?
2388
What is the greatest common divisor of 609 and 469770?
21
Calculate the greatest common factor of 33358 and 1236812.
2566
Calculate the greatest common factor of 1565486 and 78.
26
Calculate the highest common divisor of 127142976 and 192.
192
What is the highest common divisor of 10263 and 119977891?
3421
What is the greatest common divisor of 250 and 40800400?
50
What is the greatest common factor of 314131 and 25758?
53
What is the greatest common divisor of 12125 and 10982825?
2425
What is the highest common factor of 611037 and 244?
61
What is the greatest common factor of 4452568 and 123832?
5384
What is the highest common factor of 470595 and 970782?
411
What is the greatest co